.
38
Let p(y) = 14*y**2 + 206*y - 539. Give p(-17).
5
Let c(g) = -36*g + 615. Calculate c(14).
111
Let k(x) = -x**3 + 20*x**2 - 20*x + 53. Give k(19).
34
Let v(p) = 55*p - 236. Calculate v(4).
-16
Let p(q) = -3*q**2 - 26*q + 29. Give p(1).
0
Let r(l) = -l**3 - 7*l**2 - 13*l - 17. Give r(-2).
-11
Let l(x) = -1713*x + 39393. Calculate l(23).
-6
Let m(b) = b**3 + 8*b**2 - 32*b - 212. What is m(-9)?
-5
Let m(z) = z**3 - z**2 + 3*z + 51. What is m(-3)?
6
Let i(v) = -15*v + 420. What is i(32)?
-60
Let v(q) = 21*q - 1657. What is v(47)?
-670
Let d(q) = 4*q**2 - 24*q - 46. What is d(-7)?
318
Let k(r) = 67*r - 4. Determine k(-2).
-138
Let u(v) = 108*v + 1082. What is u(-11)?
-106
Let s(b) = 2*b**3 + 2*b**2 + 85*b - 399. Calculate s(5).
326
Let a(b) = -2*b**2 + 70*b - 397. Determine a(28).
-5
Let v(c) = -5*c**2 + 295*c - 842. Determine v(56).
-2
Let p(q) = 571*q + 1169. Determine p(-2).
27
Let x(g) = 2*g**3 - 7*g**2 - 11*g - 32. Determine x(5).
-12
Let k(y) = -92*y + 221. Give k(4).
-147
Let d(n) = n**3 + 125*n**2 + 3203*n - 99. Calculate d(-89).
-10
Let y(q) = q**2 - 259*q + 1288. Give y(5).
18
Let w(k) = k**3 - 26*k**2 - 31*k + 112. Give w(27).
4
Let j(t) = 223*t + 6469. What is j(-29)?
2
Let m(b) = -b**3 + 27*b**2 - 33*b + 200. Give m(26).
18
Let v(s) = 16*s + 531. Calculate v(-33).
3
Let v(m) = -2*m**2 - 281*m - 1096. Determine v(-4).
-4
Let r(x) = 8*x**3 - 37*x - 9. Give r(-4).
-373
Let p(l) = -69*l**2 - 77*l - 1. Give p(-1).
7
Let u(v) = -12*v**2 - 20*v + 60. What is u(4)?
-212
Let a(i) = i**3 + 142*i**2 + 425*i + 1028. Give a(-139).
-84
Let m(x) = -29*x - 55. Give m(7).
-258
Let n(m) = -2*m**3 + 16*m**2 + 303*m - 17. Determine n(-9).
10
Let q(f) = -2*f + 325. Give q(161).
3
Let w(u) = 2*u**2 - 141*u - 3727. Calculate w(91).
4
Let u(d) = 33*d - 1158. Calculate u(39).
129
Let o(n) = -n**3 - 25*n**2 - 82*n + 49. Give o(-21).
7
Let h(t) = t**3 + t**2 + 10*t + 18. Determine h(-7).
-346
Let b(w) = 14*w**3 + 1930*w**2 - 279*w - 422. Give b(-138).
-8
Let w(d) = -111*d - 2802. Determine w(-25).
-27
Let b(v) = -3*v**3 - 39*v**2 - 3*v + 36. Give b(-13).
75
Let q(a) = 2*a**3 + 38*a**2 - 40*a + 21. What is q(-20)?
21
Let h(s) = -s**3 - 58*s**2 - 216*s + 6. What is h(-54)?
6
Let k(y) = 3*y**2 + 2*y - 200. Give k(-10).
80
Let c(v) = 556*v - 566. Determine c(1).
-10
Let b(i) = 18*i**3 + 6*i + 7. Give b(-2).
-149
Let f(i) = -6*i**3 + 144*i**2 + 7*i - 159. Determine f(24).
9
Let l(g) = 14*g + 223. Give l(-17).
-15
Let s(l) = -l**2 - 12*l + 37. Calculate s(4).
-27
Let l(z) = 1880*z + 11288. What is l(-6)?
8
Let x(w) = 118*w + 4721. Determine x(-40).
1
Let m(o) = -26550*o - 106204. Calculate m(-4).
-4
Let n(j) = 60*j**2 - 130*j. What is n(2)?
-20
Let w(s) = s**2 + 60*s - 607. Determine w(9).
14
Let s(z) = 1193*z + 10741. Determine s(-9).
4
Let k(z) = 9*z**2 - 56*z - 5. Determine k(6).
-17
Let y(z) = 12*z - 41. Give y(8).
55
Let q(j) = -j**3 - 13*j**2 - 8*j + 16. What is q(-12)?
-32
Let l(i) = -i**2 + 4*i + 536. Calculate l(25).
11
Let r(t) = -2*t**3 - 16*t**2 - 7*t - 41. Calculate r(-6).
-143
Let r(s) = 2*s**3 + 56*s**2 + 55*s - 15. Determine r(-27).
-42
Let f(n) = 2*n**3 + 13*n**2 + 6*n + 7. What is f(-7)?
-84
Let p(k) = 2*k**3 + 44*k**2 + 175*k + 1. Give p(-5).
-24
Let s(u) = -u**3 - 138*u**2 + 7*u + 963. Calculate s(-138).
-3
Let m(f) = -3*f**3 + 3*f**2 - 149*f + 443. What is m(3)?
-58
Let g(n) = 25*n**3 + 7*n**2 + 26*n + 19. Determine g(-1).
-25
Let a(o) = -o**2 - 592*o + 3587. Give a(6).
-1
Let o(w) = -w**2 - 23*w + 1980. Determine o(-57).
42
Let q(u) = -2*u**3 + 75*u**2 - 68*u + 1117. Determine q(37).
-30
Let f(r) = -53*r + 742. Calculate f(14).
0
Let a(m) = 6020*m - 6020. Give a(1).
0
Let w(c) = c**3 - 11*c**2 - 2*c - 2. What is w(11)?
-24
Let z(w) = 4*w**3 - 83*w**2 - 24*w + 165. Calculate z(21).
102
Let f(o) = -2*o**3 + 63*o**2 + 16*o + 384. Calculate f(32).
-128
Let n(o) = -2*o**2 - o + 49. What is n(17)?
-546
Let v(a) = 16*a**2 - 1134*a - 141. What is v(71)?
1
Let p(g) = -3*g**2 + 125*g - 205. What is p(40)?
-5
Let n(d) = 6*d**3 - 26*d**2 + 4*d + 2. Calculate n(4).
-14
Let m(b) = -60*b - 24. Give m(2).
-144
Let r(l) = l**2 + 23*l - 216. Give r(7).
-6
Let k(b) = -b**3 + 17*b**2 + 5*b + 14. Calculate k(17).
99
Let f(o) = -o**3 - 11*o**2 - 477*o - 4655. Give f(-10).
15
Let f(d) = 4*d - 94. Calculate f(33).
38
Let q(n) = 3*n**3 + 262*n**2 - 441*n + 382. Calculate q(-89).
26
Let h(b) = 62*b**3 + b - 2. What is h(1)?
61
Let d(t) = 48*t**2 + 53*t. Calculate d(-1).
-5
Let t(q) = -149*q + 1941. Determine t(13).
4
Let a(b) = 6*b + 58. Give a(-7).
16
Let a(z) = -z**3 + 7*z**2 + 17*z - 79. Calculate a(9).
-88
Let y(l) = -52*l - 425. Determine y(-10).
95
Let c(w) = 2*w**2 + 55*w - 530. Calculate c(-35).
-5
Let o(n) = -5*n**2 + 652*n - 21262. What is o(65)?
-7
Let g(h) = 5*h**3 - h**2 + 5*h - 2. Give g(-3).
-161
Let v(a) = -a**3 + 95*a**2 + 41*a + 5286. Determine v(96).
6
Let r(v) = 331*v + 7943. What is r(-24)?
-1
Let j(l) = 4429*l + 4432. What is j(-1)?
3
Let j(p) = -2*p - 454. Calculate j(-41).
-372
Let x(c) = 571*c + 5687. What is x(-10)?
-23
Let g(s) = -5*s + 102. Determine g(-5).
127
Let o(t) = -t**2 - 101*t - 2450. Determine o(-60).
10
Let a(m) = m**3 + 38*m**2 + 47*m + 507. Determine a(-37).
137
Let x(s) = -324*s - 24. What is x(-1)?
300
Let j(o) = o**3 - 18*o**2 + 6*o + 144. What is j(16)?
-272
Let k(t) = 2*t**3 + 43*t**2 - 21*t + 13. Determine k(-22).
-9
Let u(f) = 2*f**3 - 4*f**2 - 9*f + 20. Calculate u(5).
125
Let o(c) = -2552*c + 10293. What is o(4)?
85
Let a(x) = x**2 - 31*x - 199. Give a(26).
-329
Let r(y) = 5*y - 157. Give r(10).
-107
Let p(x) = -38*x**2 + 69*x - 13. What is p(4)?
-345
Let i(z) = -z**2 + 194*z - 9303. Calculate i(87).
6
Let o(u) = 51*u - 2301. Give o(45).
-6
Let i(n) = 12*n - 212. What is i(18)?
4
Let u(s) = 7*s**3 - 22*s**2 + 64*s - 186. Determine u(3).
-3
Let c(v) = 5*v**2 + 489*v + 1800. What is c(-94)?
14
Let f(t) = -9*t**2 + 199*t + 158. Give f(23).
-26
Let y(p) = -6*p**3 + 307*p**2 - 59*p + 443. What is y(51)?
35
Let f(u) = u**3 - 29*u**2 + 3*u + 142. Determine f(29).
229
Let k(l) = -l**2 - 175*l - 1056. Give k(-169).
-42
Let l(w) = w**3 - 15*w**2 + 39*w - 205. Determine l(13).
-36
Let z(a) = 92*a + 693. Calculate z(-8).
-43
Let r(o) = o**3 + 9*o**2 + 2*o - 75. Give r(-7).
9
Let z(t) = 4*t + 390. Calculate z(30).
510
Let v(k) = -131*k + 621. Determine v(5).
-34
Let r(g) = -5*g**2 - 91*g - 377. Give r(-12).
-5
Let f(j) = -j**2 - 7*j - 55. What is f(-7)?
-55
Let q(u) = 43*u - 347. Calculate q(-9).
-734
Let q(l) = l**3 + 14*l**2 - 367. Calculate q(-8).
17
Let z(d) = d**2 - 42*d - 58. Calculate z(43).
-15
Let a(x) = -4*x**2 - 49*x - 27. Determine a(-12).
-15
Let r(x) = 2*x**2 - 9*x - 27. Give r(-6).
99
Let z(n) = 853*n + 9398. Calculate z(-11).
15
Let x(a) = -a**3 + 2*a**2 - 35*a + 113. Calculate x(4).
-59
Let n(q) = -q**2 + 65*q - 293. Determine n(5).
7
Let h(b) = b**2 + 319*b + 14735. What is h(-56)?
7
Let h(n) = -14*n + 298. Determine h(31).
-136
Let i(h) = -31*h + 38. Determine i(1).
7
Let h(p) = 17*p - 166. Calculate h(9).
-13
Let x(k) = -4*k**3 - 119*k**2 + 39*k + 243. Give x(-30).
-27
Let w(v) = v**2 - 121*v + 16. Determine w(121).
16
Let s(k) = -1496*k + 28428. What is s(19)?
4
Let z(g) = -4*g**2 - 104*g - 690. Give z(-8).
-114
Let x(m) = m**2 + 28*m + 141. Give x(-21).
-6
Let w(s) = s**2 + 1185*s + 53482. Give w(-47).
-4
Let i(j) = -3*j**2 + 26*j - 106. Calculate i(9).
-115
Let b(x) = -x**2 + 60*x + 3461. Calculate b(-36).
5
Let y(v) = 40*v - 219. Give y(7).
61
Let g(j) = -j**2 + 38*j - 350. Calculate g(22).
2
Let h(w) = 210*w - 3365. What is h(16)?
-5
Let q(a) = -4*a**2 - 361*a + 1803. What is q(-95)?
-2
Let t(f) = -73*f + 10881. Determine t(149).
4
Let x(o) = o - 72. Calculate x(67).
-5
Let t(y) = -y**3 - 141*y**2 - 279*y - 135. What is t(-139)?
4
Let d(h) = h**2 + 21*h - 316. Determine d(-23).
-270
Let n(g) = g**3 + 27*g**2 - 3977*g + 82. Give n(-78).
4
Let b(m) = 10*m - 239. Determine b(23).
-9
Let l(o) = 7*o**2 - 11*o - 80. What is l(-4)?
76
Let x(l) = 10*l - 40. What is x(9)?
50
Let g(b) = -4*b**2 + 446*b - 900. Calculate g(2).
-24
Let b(d) = -33*d - 721. Calculate b(-22).
5
Let v(s) = 11*s**2 + 4*s + 4. Determine v(6).
424
Let d(h) = -2*h**2 + 102*h - 304. Calculate d(48).
-16
Let y(r) = -r**3 + 23*r**2 + 44*r - 4